 + 77599. What is p(37)?
47
Let r(y) = -6*y**3 - 3*y**2 + 15*y + 4. Determine r(5).
-746
Let u(p) = -p**3 + 176*p**2 - 383*p + 67398. Determine u(176).
-10
Let u(x) = 2*x**3 + 89*x**2 + 164*x + 5436. Calculate u(-44).
156
Let w(g) = 21*g**2 - 1530*g - 7589. Determine w(-5).
586
Let r(k) = 176*k**2 - 2378*k + 93. Give r(13).
-1077
Let m(u) = -5*u**3 - 218*u**2 + 1324*u + 45. What is m(-49)?
-4
Let y(h) = h**2 + 99*h - 2461. Calculate y(20).
-81
Let u(n) = -780563*n - 780567. Determine u(-1).
-4
Let p(h) = -h**3 - 6*h**2 + 776*h + 3188. Determine p(-4).
52
Let n(b) = b**3 + 1623*b**2 + 72525*b - 773. What is n(-46)?
9
Let y(m) = -m**3 - 146*m**2 - 5906*m - 63120. Calculate y(-17).
1
Let j(y) = 10761*y + 118390. Determine j(-11).
19
Let p(h) = h**2 - 117*h - 991580. What is p(1056)?
4
Let x(k) = 9*k**2 - 259*k - 45297. Calculate x(-58).
1
Let n(d) = d**2 - 857*d - 68900. What is n(-74)?
-6
Let o(a) = -93*a**2 - 1048*a + 3512. Give o(-14).
-44
Let t(z) = 39673*z - 118999. Determine t(3).
20
Let j(r) = -111*r**2 - 25775*r - 5348. Calculate j(-232).
-12
Let d(g) = 2*g**3 - 37*g**2 - 52*g - 971. What is d(20)?
-811
Let m(t) = t**2 + 225*t + 4371. What is m(-20)?
271
Let q(g) = 596*g**2 - 2346*g + 136. What is q(4)?
288
Let i(o) = -o**3 + 6*o**2 - 480*o + 12529. What is i(18)?
1
Let k(x) = -x**2 + 41*x - 466. Calculate k(19).
-48
Let p(m) = m**2 + 63*m - 60. Determine p(-54).
-546
Let p(j) = 1658*j + 198991. Calculate p(-120).
31
Let h(r) = 16*r**2 + 39391*r - 118320. What is h(3)?
-3
Let n(x) = 1048*x - 73333. Calculate n(70).
27
Let l(j) = -13*j**2 - 63*j + 14. Calculate l(-7).
-182
Let c(a) = -a**2 - 238*a - 8423. Determine c(-186).
1249
Let x(i) = -302*i + 4074. Calculate x(15).
-456
Let t(s) = -2208*s**2 - 15474*s + 33. What is t(-7)?
159
Let o(i) = -809*i + 37677. Determine o(53).
-5200
Let x(b) = 5*b**2 + 527*b + 1722. Calculate x(-102).
-12
Let q(v) = -436*v**2 + 18562*v - 10487. Give q(42).
13
Let b(v) = -268*v + 20656. Determine b(77).
20
Let s(d) = -6*d**2 + 1086*d - 7556. Give s(7).
-248
Let t(m) = 7*m**3 + 8*m**2 + 195*m + 1456. Calculate t(-7).
-1918
Let o(u) = 1269*u - 408708. Give o(322).
-90
Let i(l) = l**3 + 49*l**2 - 2143*l + 236. What is i(-77)?
-765
Let p(r) = 189*r + 4738. Determine p(-26).
-176
Let v(u) = u**2 + 1001*u + 110862. Determine v(-127).
-136
Let u(o) = 2*o**3 - 18*o**2 - 117*o + 154. Give u(16).
1866
Let n(q) = -2*q**3 + 24*q**2 - 204*q + 1823. Determine n(11).
-179
Let x(t) = -50*t**2 - 1801*t - 7635. Calculate x(-5).
120
Let x(z) = 2*z**3 - 160*z**2 + 1427*z + 983. What is x(11)?
-18
Let l(b) = -1655*b - 15731. Determine l(-11).
2474
Let j(z) = 163*z - 13296. Give j(72).
-1560
Let p(w) = w**3 + 27*w**2 + 33*w - 255. Give p(-24).
681
Let u(b) = 4*b**2 + 7143*b - 565973. What is u(76)?
-1
Let v(h) = 92*h - 3195. Determine v(33).
-159
Let w(d) = -1886*d + 30174. Give w(16).
-2
Let w(p) = 11369*p + 21704. Calculate w(-2).
-1034
Let b(w) = 5*w**2 - 50*w - 192. Give b(17).
403
Let b(z) = 143994*z - 2735898. Calculate b(19).
-12
Let y(t) = -t**2 - 696*t + 65515. Give y(84).
-5
Let y(s) = 2308*s**2 - 2146*s - 122. Calculate y(1).
40
Let h(q) = 62*q**3 - 114*q**2 + 25*q - 45. What is h(2)?
45
Let n(p) = -3*p**3 - 24*p**2 + 179*p - 1. Calculate n(-13).
207
Let h(q) = -q**3 - 32*q**2 + 662*q + 18029. Determine h(-20).
-11
Let g(q) = 329*q**2 - 1355*q + 149. Calculate g(4).
-7
Let i(t) = -t**2 + 3803*t - 26565. Calculate i(7).
7
Let j(a) = a**3 - 36*a**2 - 28*a + 602. What is j(35)?
-1603
Let s(i) = i**3 + 109*i**2 + 288*i + 7904. Calculate s(-107).
-14
Let s(b) = -5*b - 1320. Give s(42).
-1530
Let c(b) = 2*b**3 - 15*b**2 - 494*b + 4. Calculate c(20).
124
Let n(a) = -259*a**2 + 7540*a + 76891. Determine n(-8).
-5
Let l(o) = 71*o**3 - 1563*o**2 - 5*o + 597. What is l(22)?
3
Let h(v) = -657*v**2 + 58449*v + 2253. Give h(89).
117
Let f(h) = 2*h**2 + 64*h - 9636. Give f(-86).
-348
Let v(x) = -916*x - 57470. Give v(-60).
-2510
Let g(f) = -294*f - 574. Give g(-3).
308
Let d(a) = 119*a**2 + 8093*a + 144. Give d(-68).
76
Let p(z) = -z**3 - 181*z**2 + 590*z - 452. Calculate p(2).
-4
Let l(f) = 64448*f + 2577923. Determine l(-40).
3
Let s(c) = 7*c**3 - 2920*c**2 + 438*c - 8763. Give s(417).
-6
Let v(h) = 9647*h - 87774. Give v(9).
-951
Let h(d) = 109*d**2 - 32795*d - 4321. Determine h(301).
-107
Let x(j) = -j**3 - 13*j**2 + 32*j + 892. Determine x(-14).
640
Let f(c) = 4*c**3 + 528*c**2 + 2046*c - 348. Give f(-128).
-92
Let n(m) = 24183*m + 216897. Determine n(-9).
-750
Let k(j) = -91*j + 809. Give k(7).
172
Let o(p) = 5*p**3 + 22*p**2 - 192*p + 128. Determine o(6).
848
Let t(a) = -143*a - 631. Calculate t(-4).
-59
Let q(j) = 3*j**3 - 5*j**2 + 60*j + 210. Determine q(-4).
-302
Let v(t) = 5*t**3 + 59*t**2 + 83*t + 102. Calculate v(-11).
-327
Let y(q) = -5473*q**2 + 974192*q + 362. Determine y(178).
6
Let z(k) = -k**2 - 1392*k - 216099. Give z(-178).
-7
Let r(z) = 3003*z**2 + 76*z + 76. Determine r(-1).
3003
Let z(c) = 606*c + 327846. What is z(-541)?
0
Let f(l) = 11*l**2 - 704*l - 22008. Give f(-23).
3
Let f(o) = o**3 + 16*o**2 + 166*o + 752. Calculate f(-7).
31
Let m(d) = 580*d - 8691. Give m(15).
9
Let y(f) = 4671*f + 130826. What is y(-28)?
38
Let h(l) = -30*l**3 - 598*l**2 + 42*l + 88. What is h(-20)?
48
Let c(h) = -4*h**3 - 172*h**2 - 624*h + 8. Determine c(-39).
8
Let w(u) = 223*u - 2020. What is w(10)?
210
Let j(x) = -42*x**2 - 45*x + 173. Calculate j(-3).
-70
Let p(o) = -37*o**2 + 9638*o + 4947. Determine p(261).
-12
Let d(p) = 1057*p + 110976. Give d(-105).
-9
Let y(f) = -929*f + 12513. Calculate y(15).
-1422
Let u(d) = -d**3 - 12*d**2 - 48*d - 231. What is u(-6)?
-159
Let h(o) = o**3 - 2*o**2 - 484*o + 257. Give h(23).
234
Let n(t) = 2*t**2 - 156*t - 2669. What is n(-14)?
-93
Let a(y) = -y**3 + 84*y**2 + 1381*y + 117. What is a(-14)?
-9
Let j(y) = 363*y - 26114. Calculate j(73).
385
Let i(l) = l**3 + 69*l**2 + 85*l + 335. Give i(-68).
-821
Let d(s) = 343*s - 1472. Calculate d(3).
-443
Let j(b) = -4*b**2 - 1686*b - 172692. Calculate j(-246).
0
Let p(z) = 8*z**3 - 695*z**2 - 2247*z - 308. Give p(90).
-38
Let q(d) = d**2 - 3962*d + 238385. Determine q(61).
424
Let b(h) = 1893*h**2 - 258*h - 254. What is b(-1)?
1897
Let o(h) = 2*h**3 + 685*h**2 - 4539*h + 136. Give o(-349).
834
Let g(m) = -143*m + 44. What is g(-4)?
616
Let u(y) = -40*y**3 + 32*y**2 - 5*y + 4. Calculate u(1).
-9
Let n(r) = 5*r**2 + 85*r - 1734. Give n(14).
436
Let a(l) = -3*l**2 + 15505*l + 248456. Give a(-16).
-392
Let i(b) = -b**3 - 51*b**2 - 74*b - 6555. Give i(-52).
-3
Let j(l) = -l**3 + 278*l - 20. Give j(0).
-20
Let j(w) = -18242*w - 54738. What is j(-3)?
-12
Let b(x) = -30*x**2 - 142*x - 601. Give b(-4).
-513
Let h(u) = -26*u**2 + 3725*u + 99415. Determine h(-23).
-14
Let b(d) = 27*d**2 + 2319*d - 219. Give b(-86).
39
Let l(g) = 1219*g + 204796. Calculate l(-168).
4
Let y(r) = -r**2 - 1018*r + 10266. Calculate y(10).
-14
Let u(i) = 7958*i + 260637. Give u(-33).
-1977
Let f(y) = 2281*y - 399119. Determine f(175).
56
Let j(x) = -5*x**3 + 3972*x**2 + 2259*x + 100164. Determine j(795).
-6
Let o(x) = x**3 - 7*x**2 - 681*x - 949. Calculate o(-22).
-3
Let x(r) = -r**3 + 2296*r**2 + 11892*r + 1936. What is x(-5)?
1
Let g(c) = 48303*c - 13862955. Give g(287).
6
Let f(b) = 325*b**3 + 6*b**2 - 254*b + 253. What is f(1)?
330
Let a(b) = 15*b**2 - 346*b + 1284. Calculate a(25).
2009
Let x(i) = i**3 + 55*i**2 + 678*i - 2159. Give x(-30).
1
Let b(v) = -80904*v + 2022581. Calculate b(25).
-19
Let c(l) = l**3 + 22*l**2 + 3585*l + 74752. Give c(-21).
-92
Let j(t) = 7*t**2 + 4854*t + 9694. Determine j(-2).
14
Let r(d) = 268*d - 5276. Determine r(29).
2496
Let p(a) = -2*a**3 - 565*a**2 + 6153*a - 11. Give p(-293).
-11
Let n(z) = -z**3 - 28*z**2 - 136*z + 248. Calculate n(-21).
17
Let j(n) = 2*n**3 + 288*n**2 - 1498*n + 22. Calculate j(5).
-18
Let i(f) = -236*f - 2932. Calculate i(-14).
372
Let s(b) = -b**2 + 124*b - 1722. Calculate s(15).
-87
Let a(b) = -b**2 + 448*b - 31146. Give a(362).
-14
Let k(m) = m**3 - 33*m**2 + 65*m + 158. Calculate k(31).
251
Let k(p) = p**3 - 338*p**2 + 1868*p + 41152. What is k(332)?
-16
Let m(h) = -h**3 - 1015*h**2 - 4560*h + 2460. Calculate m(-5).
10
Let l(n) = -121*n - 13689. What is l(-71)?
-5098
Let w(t) = 17075*t + 4644408. Determine w(-272)